70
Calculate the remainder when 183 is divided by 74.
35
What is the remainder when 630 is divided by 130?
110
What is the remainder when 571 is divided by 23?
19
What is the remainder when 783 is divided by 40?
23
What is the remainder when 68687 is divided by 424?
423
What is the remainder when 139 is divided by 28?
27
What is the remainder when 118 is divided by 49?
20
Calculate the remainder when 615 is divided by 89.
81
What is the remainder when 3167 is divided by 99?
98
Calculate the remainder when 286 is divided by 77.
55
What is the remainder when 1001 is divided by 29?
15
Calculate the remainder when 665 is divided by 69.
44
What is the remainder when 83 is divided by 6?
5
What is the remainder when 638 is divided by 132?
110
What is the remainder when 915 is divided by 263?
126
What is the remainder when 119 is divided by 36?
11
Calculate the remainder when 2229 is divided by 36.
33
Calculate the remainder when 41 is divided by 12.
5
What is the remainder when 215 is divided by 88?
39
What is the remainder when 360 is divided by 97?
69
What is the remainder when 873 is divided by 19?
18
Calculate the remainder when 7773 is divided by 77.
73
What is the remainder when 213 is divided by 1?
0
Calculate the remainder when 8919 is divided by 8.
7
Calculate the remainder when 1878 is divided by 14.
2
What is the remainder when 98 is divided by 17?
13
Calculate the remainder when 211 is divided by 38.
21
What is the remainder when 573 is divided by 18?
15
Calculate the remainder when 5712 is divided by 20.
12
Calculate the remainder when 61 is divided by 4.
1
Calculate the remainder when 36 is divided by 8.
4
What is the remainder when 87 is divided by 44?
43
What is the remainder when 121 is divided by 60?
1
What is the remainder when 671 is divided by 96?
95
Calculate the remainder when 984 is divided by 485.
14
What is the remainder when 342 is divided by 95?
57
Calculate the remainder when 134 is divided by 105.
29
Calculate the remainder when 159 is divided by 16.
15
Calculate the remainder when 252 is divided by 56.
28
Calculate the remainder when 800 is divided by 266.
2
Calculate the remainder when 272 is divided by 43.
14
Calculate the remainder when 168 is divided by 37.
20
Calculate the remainder when 1399 is divided by 54.
49
Calculate the remainder when 44 is divided by 33.
11
What is the remainder when 2835 is divided by 142?
137
Calculate the remainder when 219 is divided by 69.
12
What is the remainder when 259 is divided by 24?
19
Calculate the remainder when 251 is divided by 44.
31
What is the remainder when 225 is divided by 19?
16
What is the remainder when 652 is divided by 209?
25
Calculate the remainder when 1745 is divided by 252.
233
What is the remainder when 440 is divided by 17?
15
Calculate the remainder when 29 is divided by 11.
7
What is the remainder when 299 is divided by 92?
23
Calculate the remainder when 649 is divided by 106.
13
What is the remainder when 803 is divided by 554?
249
What is the remainder when 213 is divided by 22?
15
What is the remainder when 73817 is divided by 54?
53
Calculate the remainder when 618 is divided by 78.
72
What is the remainder when 1639 is divided by 50?
39
Calculate the remainder when 3034 is divided by 46.
44
What is the remainder when 320 is divided by 102?
14
What is the remainder when 849 is divided by 84?
9
What is the remainder when 3919 is divided by 35?
34
Calculate the remainder when 8 is divided by 8.
0
What is the remainder when 19137 is divided by 20?
17
What is the remainder when 269 is divided by 45?
44
What is the remainder when 437 is divided by 243?
194
What is the remainder when 44 is divided by 5?
4
Calculate the remainder when 102 is divided by 37.
28
Calculate the remainder when 703 is divided by 117.
1
Calculate the remainder when 12 is divided by 5.
2
What is the remainder when 166 is divided by 24?
22
What is the remainder when 19116 is divided by 121?
119
Calculate the remainder when 581 is divided by 49.
42
What is the remainder when 168 is divided by 57?
54
Calculate the remainder when 53 is divided by 27.
26
What is the remainder when 338 is divided by 17?
15
What is the remainder when 204 is divided by 66?
6
Calculate the remainder when 173 is divided by 42.
5
What is the remainder when 6209 is divided by 138?
137
Calculate the remainder when 288 is divided by 146.
142
What is the remainder when 3945 is divided by 656?
9
Calculate the remainder when 677 is divided by 326.
25
Calculate the remainder when 1267 is divided by 47.
45
What is the remainder when 328 is divided by 47?
46
Calculate the remainder when 237 is divided by 40.
37
Calculate the remainder when 195 is divided by 51.
42
What is the remainder when 233 is divided by 100?
33
What is the remainder when 253 is divided by 40?
13
Calculate the remainder when 3089 is divided by 385.
9
What is the remainder when 204 is divided by 25?
4
Calculate the remainder when 21448 is divided by 241.
240
Calculate the remainder when 18788 is divided by 18.
14
What is the remainder when 58 is divided by 23?
12
What is the remainder when 348 is divided by 178?
170
Calculate the remainder when 2399 is divided by 100.
99
What is the remainder when 372 is divided by 22?
20
What is the remainder when 115 is divided by 14?
3
What is the remainder when 868 is divided by 86?
8
Calculate the remainder when 790 is divided by 99.
97
Calculate the remainder when 1020 is divided by 11.
8
Calculate the remainder when 1303 is divided by 29.
27
Calculate the remainder when 2141 is divided by 261.
53
What is the remainder when 2931 is divided by 6?
3
What is the remainder when 88 is divided by 79?
9
What is the remainder when 43 is divided by 22?
21
What is the remainder when 132 is divided by 21?
6
What is the remainder when 371 is divided by 123?
2
Calculate the remainder when 302 is divided by 280.
22
What is the remainder when 694 is divided by 29?
27
Calculate the remainder when 35 is divided by 15.
5
What is the remainder when 54 is divided by 8?
6
Calculate the remainder when 227 is divided by 64.
35
What is the remainder when 339 is divided by 14?
3
What is the remainder when 1453 is divided by 204?
25
What is the remainder when 3297 is divided by 17?
16
Calculate the remainder when 2149 is divided by 532.
21
Calculate the remainder when 7376 is divided by 7361.
15
What is the remainder when 1582 is divided by 33?
31
What is the remainder when 42543 is divided by 21?
18
Calculate the remainder when 1485 is divided by 1472.
13
Calculate the remainder when 4133 is divided by 39.
38
What is the remainder when 22 is divided by 2?
0
Calculate the remainder when 738 is divided by 39.
36
Calculate the remainder when 2141 is divided by 17.
16
Calculate the remainder when 1353 is divided by 639.
75
Calculate the remainder when 2233 is divided by 70.
63
What is the remainder when 30 is divided by 5?
0
Calculate the remainder when 2462 is divided by 22.
20
What is the remainder when 407 is divided by 17?
16
Calculate the remainder when 236 is divided by 61.
53
Calculate the remainder when 102 is divided by 21.
18
Calculate the remainder when 299 is divided by 15.
14
Calculate the remainder when 145 is divided by 59.
27
What is the remainder when 433 is divided by 15?
13
What is the remainder when 99 is divided by 92?
7
What is the remainder when 246 is divided by 59?
10
Calculate the remainder when 265 is divided by 7.
6
Calculate the remainder when 544 is divided by 187.
170
Calculate the remainder when 615 is divided by 10.
5
Calculate the remainder when 293 is divided by 142.
9
Calculate the remainder when 452 is divided by 88.
12
What is the remainder when 180 is divided by 7?
5
What is the remainder when 176 is divided by 80?
16
What is the remainder when 4400 is divided by 119?
116
Calculate the remainder when 117 is divided by 85.
32
What is the remainder when 900 is divided by 20?
0
What is the remainder when 408 is divided by 103?
99
What is the remainder when 187 is divided by 3?
1
Calculate the remainder when 25751 is divided by 37.
36
Calculate the remainder when 2177 is divided by 121.
120
Calculate the remainder when 309 is divided by 63.
57
Calculate the remainder when 112 is divided by 73.
39
C